{"id":2903,"date":"2016-05-27T06:20:55","date_gmt":"2016-05-27T03:20:55","guid":{"rendered":"http:\/\/meccacapacitacion.com.ar\/?page_id=2903"},"modified":"2016-06-02T01:57:05","modified_gmt":"2016-06-02T04:57:05","slug":"servicios","status":"publish","type":"page","link":"http:\/\/robertomecca.com.ar\/capacitacion\/servicios\/","title":{"rendered":"Servicios"},"content":{"rendered":"<section id=\"second\" class=\"content no-header\" style=\"margin: 0px; padding: 0px;\">\n<div class=\"col-lg-12\">\n<ul class=\"nav nav-tabs\">\n<li class=\"active\" style=\"margin: 0px; width: 166px !important;\"><a style=\"font-style: normal; color: #002a3a; font-size: 12px; outline: none;\" title=\"\u00c1rea de Capacitaci\u00f3n\" href=\"#a\" data-toggle=\"tab\">\u00c1rea de Capacitaci\u00f3n<\/a><\/li>\n<li style=\"margin: 0px; width: 248px !important;\"><a style=\"font-style: normal; color: #002a3a; font-size: 12px; outline: none;\" title=\"\u00c1rea Auditor\u00eda T\u00e9cnico Operativa\" href=\"#b\" data-toggle=\"tab\">\u00c1rea Auditor\u00eda T\u00e9cnico Operativa<\/a><\/li>\n<li style=\"margin: 0px; width: 262px !important;\"><a style=\"font-style: normal; color: #002a3a; font-size: 12px; outline: none;\" title=\"\u00c1rea de Investigaci\u00f3n y Desarrollo\" href=\"#c\" data-toggle=\"tab\">\u00c1rea de Investigaci\u00f3n y Desarrollo<\/a><\/li>\n<\/ul>\n<p><!-- COMIENZO DE LOS CONTENIDOS TAB --><\/p>\n<div class=\"tab-content\" style=\"padding: 0;\">\n<div id=\"a\" class=\"tab-pane active\">\n<div class=\"col-lg-12\">\n<div style=\"margin-bottom: 5px;\">\n<h4 style=\"font-weight: bold;\">\u00c1rea de Capacitaci\u00f3n<\/h4>\n<\/div>\n<p>La educaci\u00f3n es la adquisici\u00f3n de conocimientos. La capacitaci\u00f3n incluye el desarrollo de esos conocimientos por medio de la instrucci\u00f3n y pr\u00e1ctica en procura de la pericia necesaria.<\/p>\n<p>La capacitaci\u00f3n es una actividad formativa que requiere m\u00e9todos elegidos con criterio profesional, reduce costos, logra eficiencia, mejora el nivel competitivo y el esp\u00edritu de la organizaci\u00f3n, posibilitando adem\u00e1s el reconocimiento individual de quien se destaca.<\/p>\n<h4 style=\"font-weight: bold;\">Servicios<\/h4>\n<ul class=\"unit_content\" style=\"margin: -14px 0px;\">\n<li>Cursos iniciales y de especializaci\u00f3n para empleados y funcionarios de entidades aaseguradoras;<\/li>\n<li>Cursos iniciales y de especializaci\u00f3n para productores asesores de seguros, aorganizaciones de productores y administradoras de carteras;<\/li>\n<li>Cursos iniciales y de especializaci\u00f3n para entidades bancarias y financieras;<\/li>\n<li>Cursos permanentes para la obtenci\u00f3n de la matr\u00edcula de productores asesor de seguros en sus dos modalidades, de car\u00e1cter general o para el rubro \u201cseguros de personas\u201d;<\/li>\n<li>Cursos permanentes de actualizaci\u00f3n para el mantenimiento de la matr\u00edcula de productor asesor de seguros (entre los temas a tratar pueden desarrollarse sobre Marketing de Seguros y T\u00e9cnicas de Venta; Liquidaci\u00f3n de Siniestros; Suscripci\u00f3n de Riesgos; Seguros de Personas; Obligaciones patronales; etc.).<\/li>\n<\/ul>\n<h4 style=\"font-weight: bold;\">Caracter\u00edsticas<\/h4>\n<p>Todos los cursos se caracterizan por su orientaci\u00f3n pr\u00e1ctica y participativa, con entrega de material adaptado a las necesidades de los mismos.<\/p>\n<p>Pueden desarrollarse en el \u00e1mbito de cada empresa o en nuestro sal\u00f3n auditorio situado en el microcentro de la Ciudad de Buenos Aires, con capacidad para 75 personas, dotado de todas las comodidades necesarias y con la utilizaci\u00f3n de elementos tecnol\u00f3gicos de avanzada para optimizar la calidad de la prestaci\u00f3n.<\/p>\n<p>25 de Mayo 611 . Piso3 Of.4 . Buenos Aires &#8211; Argentina<\/p>\n<\/div>\n<\/div>\n<div id=\"b\" class=\"tab-pane\">\n<div class=\"col-lg-12\">\n<div style=\"margin-bottom: 5px;\">\n<h4 style=\"font-weight: bold;\">\u00c1rea Auditor\u00eda T\u00e9cnico Operativa<\/h4>\n<\/div>\n<p>No hay duda sobre la importancia de una adecuada organizaci\u00f3n y sistematizaci\u00f3n en la estructura de toda empresa. Pero en nuestra actividad de servicios esa necesidad adquiere car\u00e1cter relevante.<\/p>\n<p>El r\u00e1pido y correcto diligenciamiento de las solicitudes recibidas tiene el doble efecto de incidir en la calidad del servicio y en la afectaci\u00f3n econ\u00f3mica que conlleva, pero como todo sistema debe ser controlado para corregir las deficiencias que pueden producirse.<\/p>\n<p>Una p\u00f3liza mal cotizada o emitida, cuando se pag\u00f3 mas o menos la comisi\u00f3n pactada con el productor asesor, cuando se tom\u00f3 un riesgo fuera de la pol\u00edtica de aceptaci\u00f3n, cuando no se hizo el recupero de terceros por subrogaci\u00f3n o del reaseguro cuando corresponda , etc. son solo algunos ejemplos de egresos como costos invisibles que pueden y deben evitarse.<\/p>\n<h4 style=\"font-weight: bold;\">Servicios<\/h4>\n<ul class=\"unit_content\" style=\"margin: -14px 0px;\">En coordinaci\u00f3n con el \u00e1rea de sistemas de la empresa:<\/p>\n<li>Relevamiento y an\u00e1lisis de circuitos administrativos con adecuaci\u00f3n de los mismos a las necesidades de la empresa;<\/li>\n<li>Auditor\u00eda por muestreo del funcionamiento de los distintos sectores en su faz t\u00e9cnico administrativa;<\/li>\n<li>Elaboraci\u00f3n de una gu\u00eda de responsabilidades y agenda de obligaciones entre sectores o \u00e1reas de la empresa.<\/li>\n<\/ul>\n<\/div>\n<\/div>\n<div id=\"c\" class=\"tab-pane\">\n<div class=\"col-lg-12\">\n<div style=\"margin-bottom: 5px;\">\n<h4 style=\"font-weight: bold;\">\u00c1rea de Investigaci\u00f3n y Desarrollo<\/h4>\n<\/div>\n<p>En un mercado cada vez m\u00e1s competitivo, resulta imprescindible contar con productos y planes de comercializaci\u00f3n adaptadas a las necesidades del cliente que se distingan por su originalidad y oportunidad.<\/p>\n<h4 style=\"font-weight: bold;\">Servicios<\/h4>\n<ul class=\"unit_content\" style=\"margin: -14px 0px;\">\n<li>Investigaci\u00f3n de mercados y utilizaci\u00f3n de t\u00e9cnicas de marketing estrat\u00e9gico;<\/li>\n<li>Creaci\u00f3n y desarrollo de productos y planes de comercializaci\u00f3n para satisfacer esas exigencias;<\/li>\n<li>An\u00e1lisis de las coberturas existentes en el mercado y su comparaci\u00f3n con las autorizadas apara la entidad aseguradora;<\/li>\n<li>Organizaci\u00f3n de concursos de producci\u00f3n con capacitaci\u00f3n apropiada sobre las a caracter\u00edsticas del producto y t\u00e9cnicas de venta adaptadas a esas necesidades.<\/li>\n<\/ul>\n<\/div>\n<\/div>\n<\/div>\n<\/div>\n<\/section>\n","protected":false},"excerpt":{"rendered":"<p>\u00c1rea de Capacitaci\u00f3n \u00c1rea Auditor\u00eda T\u00e9cnico Operativa \u00c1rea de Investigaci\u00f3n y Desarrollo \u00c1rea de Capacitaci\u00f3n La educaci\u00f3n es la adquisici\u00f3n &hellip;<\/p>\n","protected":false},"author":1,"featured_media":0,"parent":0,"menu_order":0,"comment_status":"closed","ping_status":"closed","template":"","meta":{"_bbp_topic_count":0,"_bbp_reply_count":0,"_bbp_total_topic_count":0,"_bbp_total_reply_count":0,"_bbp_voice_count":0,"_bbp_anonymous_reply_count":0,"_bbp_topic_count_hidden":0,"_bbp_reply_count_hidden":0,"_bbp_forum_subforum_count":0,"footnotes":""},"_links":{"self":[{"href":"http:\/\/robertomecca.com.ar\/capacitacion\/wp-json\/wp\/v2\/pages\/2903"}],"collection":[{"href":"http:\/\/robertomecca.com.ar\/capacitacion\/wp-json\/wp\/v2\/pages"}],"about":[{"href":"http:\/\/robertomecca.com.ar\/capacitacion\/wp-json\/wp\/v2\/types\/page"}],"author":[{"embeddable":true,"href":"http:\/\/robertomecca.com.ar\/capacitacion\/wp-json\/wp\/v2\/users\/1"}],"replies":[{"embeddable":true,"href":"http:\/\/robertomecca.com.ar\/capacitacion\/wp-json\/wp\/v2\/comments?post=2903"}],"version-history":[{"count":23,"href":"http:\/\/robertomecca.com.ar\/capacitacion\/wp-json\/wp\/v2\/pages\/2903\/revisions"}],"predecessor-version":[{"id":3275,"href":"http:\/\/robertomecca.com.ar\/capacitacion\/wp-json\/wp\/v2\/pages\/2903\/revisions\/3275"}],"wp:attachment":[{"href":"http:\/\/robertomecca.com.ar\/capacitacion\/wp-json\/wp\/v2\/media?parent=2903"}],"curies":[{"name":"wp","href":"https:\/\/api.w.org\/{rel}","templated":true}]}}